. Let o(a) be the second derivative of i(a). What is o(0)?
11
Let a(p) = -p**2 + 7*p - 6. Let b(w) = -w**2 + w - 1. Let s(u) = -a(u) + 6*b(u). Suppose 1 = -2*t - 1. Let l be 2 + 3/(0 + t). Determine s(l).
-4
Let j(i) = 2*i - 1. Suppose -6*t = -5*t + 3. What is j(t)?
-7
Let v(m) be the second derivative of m**3/6 - m. Let n be v(1). Let k(b) = 3*b**2 - b + 4. Let w(a) = 4*a**2 - a + 3. Let t(u) = -3*k(u) + 4*w(u). Give t(n).
6
Let a(g) = -19*g + 7*g + 6*g - 7*g**2 - g**3 - 6. Calculate a(-6).
-6
Let r(u) = u**2 - 4. Let s be r(-3). Suppose -5*q = 10 - 35. Let v(m) = q - 11 - m + 11. Give v(s).
0
Suppose -11*k + 15 = -6*k. Let q(j) be the first derivative of k - 3*j - j**2 - 1/3*j**3. Calculate q(-3).
-6
Let i = -2 + 6. Let w(j) be the second derivative of -j**3/6 + 3*j**2 + 2*j. Give w(i).
2
Let b be (6 - 4)*5/2. Let i(w) = b*w - 6*w + 0*w. Determine i(-3).
3
Let q(l) = 2*l**3 - 1 - 3*l**3 + 8*l**2 - 6. Let v(n) = -n**2 - n + 1. Let w(s) = -q(s) - 3*v(s). Suppose -g + 3 = -0*g. What is w(g)?
-5
Let r(a) be the first derivative of -a**4/4 + 5*a**3/3 + 7*a + 5. Suppose 8*y - 4*y - 20 = 0. Calculate r(y).
7
Let c(m) = -m - 2. Let r(a) = -1. Let n(z) = -c(z) + 6*r(z). Let s be n(6). Let l(i) = -i + 1. Determine l(s).
-1
Let z be (-4)/(-14) + (-16)/7. Let o(k) be the second derivative of -k**5/20 - k**4/6 + 11*k. Give o(z).
0
Suppose 2*y + 5 = 3*y. Let f(w) = -w**2 + 7*w - 2. Calculate f(y).
8
Let g(c) = -2*c + 5. Let n(v) = 4*v - 10. Let u(t) = -13*g(t) - 6*n(t). Determine u(-7).
-19
Let z(b) = b**2 + 4*b + 4. Let i(a) = a**2 + 2*a. Let v be i(-3). Suppose -4*m = -19 + v. Let g(f) = -f. Let p be g(m). Give z(p).
4
Let f = 15 + 3. Suppose 0 = a - 4*a - f. Let g(i) = -i - 4. Determine g(a).
2
Let b(g) = -g**3 - 5*g**2 - 4*g + 1. Suppose 0 = -3*v + v - 8. Give b(v).
1
Let t(u) = -15*u + 5. Let l(h) = -2 + 5*h - 1 + 3*h + 0. Let o(y) = y**3 + 5*y**2 + 2*y + 4. Let c be o(-5). Let z(i) = c*t(i) - 11*l(i). What is z(-4)?
-5
Let a(b) = -b**2 + 1 + 1 + 1. Suppose 5*v - 5 = -25. Calculate a(v).
-13
Let c(z) = -2*z - 1. Let d be ((-8)/10)/((-2)/15). Let g(b) = b**2 + 9*b + 16. Let v be g(-6). Let k be (d/12)/(v/12). What is c(k)?
5
Let k(w) = -w - 6. Suppose 0 = -0*z - z. Determine k(z).
-6
Let c(s) = -3402 + 3402 + 3*s. What is c(2)?
6
Suppose -6 = -7*u + 22. Let r(d) = 4*d - 5. Determine r(u).
11
Let u be (-1)/(-3)*(14 + -5). Suppose 0 = -4*t - 1 - u. Let q(h) = h**3 - 2*h**2 - h. Calculate q(t).
-2
Let d(k) be the second derivative of -k**5/20 + 7*k**4/12 - 5*k**3/6 - 3*k**2 + 27*k. Give d(5).
19
Let s(f) = -f**2 - 3*f. Let p be s(-2). Let r(a) = 3*a**2 + 6 - 2*a**3 - 8*a**p + 3*a**3. Let n = 4 + 1. What is r(n)?
6
Let f(s) = -s**2 - 3*s. Let r be f(-3). Let j(z) = -3 - 3*z + 1 - 3 + r*z. Give j(-5).
10
Let v(i) = 9*i**3 + 2*i - 1. Let l(d) = d + 13. Let z = -4 - 7. Let f be l(z). Suppose -4*h + y + 7 = 4*y, f*h + 2*y - 4 = 0. Give v(h).
10
Let w(b) be the second derivative of b**3/6 - b**2/2 + 2*b. Let r(a) = -4*a + 3. Let q(z) = z + 7. Let c be q(-6). Let k(l) = c*r(l) + 2*w(l). What is k(2)?
-3
Let b(u) = -3*u - 1. Let k be 0/4 + 2/(-2). Let c = k + 4. Determine b(c).
-10
Let k = 1 - 2. Let m(f) = 4*f - 1. What is m(k)?
-5
Let u(c) be the first derivative of 0*c**3 + c**2 + 1 + c - 1/4*c**4. Give u(-2).
5
Let y(m) = m. Let j be (-32)/18 + 8/(-36). Let v be y(j). Let p(d) = 2*d - 2 + d**3 + 3*d**2 - 1 + 5. Determine p(v).
2
Let x(c) = c**3 + 7*c**2 + 6*c - 3. Let p be x(-6). Let w(b) be the third derivative of b**5/60 + b**4/8 - b**3/3 - 3*b**2. What is w(p)?
-2
Let f(x) = 4 - 3*x**3 + 4*x + 6*x**2 + 4*x**3 - 3. Suppose -3*k = -2*u + 19, -2*k + 5*u = 4*u + 12. Calculate f(k).
6
Let h(b) = 2*b**2 - 2*b - 5. Let n(z) = z**2 - z - 3. Let q(c) = 3*h(c) - 5*n(c). Let i be q(1). Let w(u) = -u + 9. Calculate w(i).
9
Suppose -5*r + 28 = -b, -3*b + 2 = 3*r - 4. Let i(m) = m**2 - 2*m**2 + 2 - 3. Calculate i(b).
-10
Let h(d) be the first derivative of -3/2*d**2 + 1 + 0*d. Let j(v) = v - 3. Let x be j(5). Give h(x).
-6
Suppose -i - 9 = -6*l + 2*l, -3*l + 8 = -2*i. Let y(f) = -13 + 11 - l*f + 2*f - f. Determine y(-4).
2
Let s(d) be the first derivative of -d**4/4 + d**3 + d**2 - d - 4. Give s(3).
5
Let f be (1*(-2)/(-4))/(6/60). Let b(g) = g + 5 + g - 3*g. Determine b(f).
0
Let z(l) be the first derivative of 3/2*l**2 + l + 1. Suppose 4*r + 4*i = -16, 0 = 3*r - 3*i - 7 + 1. Calculate z(r).
-2
Let m(a) be the third derivative of a**5/60 + a**4/6 + a**3/6 - a**2. Let j = 0 + -4. Let k be m(j). Let p(r) = 3*r - 1. Give p(k).
2
Let a(r) = -r + 8. Suppose 1 = -2*h + 11. Let z(m) = -2*m + 15. Let q(i) = h*a(i) - 2*z(i). Let v = -1 + 6. Calculate q(v).
5
Let i(y) = -3 + 6 - 3*y + 5*y - 2*y**2 - 4. What is i(2)?
-5
Let w(d) = -5*d**2 - 2*d - 4. Let x(v) = 4*v**2 + 2*v + 3. Let m(h) = 3*w(h) + 4*x(h). Let o = -1 - 3. Calculate m(o).
8
Let d(m) = m. Let v be -10*((-7)/(-2))/7. Give d(v).
-5
Let o(t) = t**2 - 4*t + 3. Let d be (-3)/15 + 16/5. Suppose 6 + 9 = 4*v + p, 4*p = v + 9. Suppose -v*l = -2*l - d. Calculate o(l).
0
Let a(p) = -11*p**2 - 5*p + 21. Let l(g) = -5*g**2 - 3*g + 10. Let n(k) = 6*a(k) - 13*l(k). Calculate n(8).
4
Let s(q) = -3 - 34*q + 35*q + 0 + 10. Determine s(-11).
-4
Let x(y) = -3*y + 4 - 4 + 0*y. Give x(2).
-6
Let w = 0 + -8. Let d(b) = -b**2 - 7*b + 5. Let h be d(w). Let o(u) = u**2 + 4*u - 1. Determine o(h).
-4
Suppose 5*h = 25 - 0. Let q(d) = d**2 - 6*d + 3. Calculate q(h).
-2
Suppose -3*r - 7 = -5*q, -q = 2*r - 2*q + 14. Let p(i) = i + 5. Let u be p(r). Let c(w) = -3*w**3 + 2*w**3 + 3*w - 2*w**2 - w**2 + 1. Calculate c(u).
5
Let d = 20 + -18. Let b(i) = -3*i - 2*i**3 + i**3 + d*i**2 + 1 - 9*i**2 + 12*i**2. Give b(4).
5
Let q = 0 - 1. Let p be (-3)/(0 + (-3)/3). Let v(h) = p*h**2 - 6*h**2 + 1 + 2*h**2 + 0*h**2. What is v(q)?
0
Let z(m) = -4*m**2 - 2*m - 1. Suppose 0 = -24*k + 26*k + 4. Calculate z(k).
-13
Suppose -o + 5 = -0*o. Suppose -c = -0 - o. Let d(q) be the second derivative of -q**4/12 + q**3/2 + 3*q**2 - q + 68. Determine d(c).
-4
Let a(j) = -j**2 + j + 1. Let p be ((-8)/(-14))/((-8)/(-28)). Suppose -p*x - 4*r + 26 = 0, 5*x + 5 - 40 = -4*r. What is a(x)?
-5
Suppose -4*i - 3*a + a = -10, -3*i = 4*a. Let u(c) = -2*c**2 + 7*c - 5. Determine u(i).
-9
Let k(u) = -2*u**2 + u + 2. Let t be k(2). Let p be (t/(-10))/(3/15). Let a(n) = n**2 - 2*n + 1. What is a(p)?
1
Let n = 3 + 17. Suppose 0 = -5*b - 0*b - n. Let a(k) = -k**3 - 5*k**2 - 3*k - 2. What is a(b)?
-6
Let a(s) = 3*s + 23. Let r(c) = 2*c + 12. Let t(z) = -3*a(z) + 5*r(z). Let b = 15 - 8. Let l be t(b). Let j(f) = -f**3 - 2*f**2 + 2*f + 1. Determine j(l).
-3
Let k(b) = 18 - 14 - b + b**2 - 2*b**2. Give k(4).
-16
Let q(t) be the first derivative of -t - 5 + 2/3*t**3 + 3/2*t**2 - 1/4*t**4. Determine q(2).
5
Let l(z) be the first derivative of -4*z**3/3 - 3*z**2/2 - 2*z + 1. Give l(-2).
-12
Let f(p) = 2*p + 14. Let m be f(-7). Let u = 29 - 19. Suppose 2*z = -m*z - u. Let g(w) = -w**3 - 4*w**2 + 3*w - 3. Calculate g(z).
7
Let p(k) = k**3 + 4*k**2 - 5*k + 2. Let n be p(-5). Suppose v - 21 = 4*q, -3*q - 12 - 1 = n*v. Let d(a) = -a. Give d(v).
-1
Let t(o) = -3*o - 1. Let r(h) = -13*h - 5. Let v(n) = 2*r(n) - 9*t(n). Determine v(4).
3
Let g = -561 - -564. Let i(k) = 4*k**2 - 4*k**2 + k**2 + 4. What is i(g)?
13
Let i(d) = 6*d + 2. Let s(r) = -7*r - 3. Let p(a) = -5*i(a) - 4*s(a). Suppose 4*k - 36 - 16 = 3*l, 0 = 2*k + 2*l - 12. Let m be (-16)/10 + (-4)/k. What is p(m)?
6
Let q(f) be the second derivative of 0 - 1/2*f**2 + 0*f**3 - 2*f + 5/24*f**4. Let o(h) be the first derivative of q(h). Determine o(-1).
-5
Let j(h) = h**2 + 0*h**3 + 2*h**2 + h**3 + 2*h - 2 - 3*h. Suppose 2*k + 2*p = p - 7, 4 = -2*k + 2*p. Give j(k).
1
Let c(v) = 3*v + 3. Suppose -y - y = -6, -5*f - 1 = 3*y. Determine c(f).
-3
Suppose -13 = -4*d + 7. Let l(a) = -a**3 - 2*a**2 - 2*a - 1. Let j be l(-2). Let k(r) = 1 + 8 + j*r - 4*r. What is k(d)?
4
Let s(z) be the third derivative of -z**4/12 + 5*z**3/6 - 33*z**2. Determine s(5).
-5
Let r(c) = 2*c + 2. Let z(n) = 4*n + 4. Let d(h) = -11*r(h) + 6*z(h). Let i(s) = s - 9. Let q be i(6). Give d(q).
-4
Let o(y) = 11*y**3 - y**2 - 5*y - 8. Let u(r) = -2*r**3 + r. Let i(m) = o(m) + 6*u(m). Determine i(0).
-8
Let i = 2 - -4. Suppose 0*c - 3*c + i = 0. Let z(f) = -f**2 + 4 + 0*f - 2 - f + 